/5*(-50)/(-15). Let h = j + 52. Let v(d) = 2 + h*d + 4*d - 4*d. What is v(4)?
18
Let g(s) = 5*s**2 - 12*s - 1. Let i(q) = 6*q**2 - 12*q - 2. Suppose 8 = -2*a - 3*v, 4 = -a + 2*v - v. Let p(f) = a*i(f) + 5*g(f). Determine p(12).
3
Let o(q) = -23*q - 65. Suppose -612 + 287 + 541 = -72*s. Calculate o(s).
4
Let j(d) = 2*d**2 + 20*d - 3. Suppose -41*x - 4*b = -38*x + 38, -3*b - 16 = x. What is j(x)?
-3
Let l(m) = -3*m**2 - 20*m - 4. Let n be l(-6). Suppose -n*q + 0*q = 48. Let b(i) = -i**2 - 1. Let x(g) = 5*g**2 - 8*g - 2. Let c(t) = q*b(t) - x(t). Give c(-6).
-4
Let z(x) = -x**2 + 2*x + 15. Let r(b) = 425*b - 2553. Let k be r(6). Determine z(k).
0
Let a be (-1)/20*95 + ((-15)/12)/5. Let p(u) = u**3 + 3*u**2 - 7*u - 10. Give p(a).
-25
Let a(c) be the third derivative of 2*c**3 + 0 + 3/20*c**5 - 1/120*c**6 + 6*c**2 - 5/12*c**4 - c. Give a(8).
-4
Let g(f) = 14*f**3 - 6*f**2 - f. Let h be g(1). Let s = 1 - -3. Suppose -25 = -h*x - s. Let o(v) = -v**2 + 3. Give o(x).
-6
Suppose 5*y = -1699*f + 1698*f - 26, -4*y - 4 = 2*f. Let d(a) = 11*a - 149. Give d(f).
5
Let r(h) = -h. Let b(j) = j**2 + 19*j + 6. Let i(k) = -k**2 - 19*k - 5. Let a(y) = -4*b(y) - 3*i(y). Let p be a(-9). Let f = -76 + p. Calculate r(f).
-5
Let y(d) = -d**2 - 4*d + 20. Let j be 11 + (-171)/33 + 30/165. Give y(j).
-40
Let n(w) be the second derivative of -w**5/20 - 2*w**4/3 + w**3 - 3*w**2/2 + 35*w - 42. Give n(-9).
24
Let y(p) = 62377*p**2 - 124745*p**2 + 62369*p**2 + 4 - 3*p. Determine y(-5).
44
Let b be (-1)/5 - 42/(-10). Let p(t) = 34*t - 159. Let n(l) = 29*l - 134. Let u(i) = -6*n(i) + 5*p(i). What is u(b)?
-7
Let d(n) = -14*n + 143. Let j = -1286 + 1296. Determine d(j).
3
Suppose 24*o + 144 = -30*o - 288. Let l(k) = k**3 + 10*k**2 + 16*k - 8. What is l(o)?
-8
Suppose 95*o = -145 + 525. Let c(l) = 2*l**3 - 10*l**2 + 2*l - 2. Calculate c(o).
-26
Let b(l) be the third derivative of l**4/12 - l**3 - l**2 - 301. Determine b(4).
2
Let l(d) be the second derivative of d**5/4 + d**4/12 + d**3/2 - d**2/2 - 637*d. What is l(2)?
49
Let w(m) = -m**3 + 9*m**2 - 2*m + 14. Let d = -2038 - -2047. Give w(d).
-4
Let p = -738 - -742. Let v = 1 + 3. Suppose -p*d - v*w = 0, -2*d + 2*w = -2 - 14. Let j(t) = -t**3 + 5*t**2 - 2*t - 4. What is j(d)?
4
Let p(x) = -2*x**2 + 16*x + 22. Let t(h) = 149 + 157 - 6*h - 99 + 17*h. Let k be t(-18). Determine p(k).
4
Let t(b) = b**3 - b**2 + b. Let o(l) = -6*l - 21. Let d(h) = -7*h - 22. Let n(q) = 3*d(q) - 4*o(q). Let f be n(-6). Give t(f).
0
Let q(f) = -f**2 - f - 4. Let l(i) = -2. Let w(p) = -3*p**2 - 8*p + 54. Let a be w(-6). Let n(m) = a*l(m) + q(m). What is n(-4)?
-4
Let a(p) = -4*p**3 + 4 - 9*p**2 + 2*p**2 + 21*p + 3*p**3 - 32*p. Give a(-5).
9
Let u(t) be the first derivative of -3*t**2 - 1/3*t**3 + 16 + 2*t. Suppose -12 = 3*w - 3*y, -5*w - 32 = -6*y + 5*y. Determine u(w).
-5
Let n(m) = m - 8. Suppose 3969 = 55*j - 46*j. Let s = j - 428. Calculate n(s).
5
Suppose 3*o + 2*k = 25, -9*o + 8*o = -k. Suppose -4*f + 2*f + 11 = c, 0 = -2*f + o*c + 5. Let s(x) = x + 2. Calculate s(f).
7
Let z be -13 + 0*5/(-20)*-4. Let d(c) = -c**3 + c**2 - c + 28. Let n(f) = -2*f**3 + 2*f**2 - 2*f + 57. Let x(q) = z*d(q) + 6*n(q). Calculate x(0).
-22
Let a be (0 - 6/5)*425/(-51). Let t(s) = -a + 0*s - s**2 + 0*s - 3*s + 0*s + 5. Give t(-3).
-5
Let q be (1 + 70/21)/(2/(-78)). Let i = q - -171. Let s(o) = -2*o**2 + o + 1. Determine s(i).
-5
Let k(m) be the first derivative of m**3/3 - 2*m**2 - 7*m - 35. Let j be k(6). Let s(x) = x**3 + 8*x**2 - 4*x**2 + 8*x - 2*x**3 - 5. Determine s(j).
10
Let w(m) = m**2 + 5*m + 8. Suppose -43*u = -46*u + 42. Let c be u/(-70) + (-132)/15. What is w(c)?
44
Let y(x) = -x - 659. Let h(u) = -299. Let p(i) = 9*h(i) - 4*y(i). What is p(15)?
5
Let o(w) = -6*w**2 - 27*w - 10. Let t(a) = 12*a**2 + 47*a + 19. Let b(x) = -5*o(x) - 3*t(x). Determine b(-1).
-7
Let x(v) be the third derivative of -v**4/8 - 35*v**3/3 + v**2 + 388*v. Give x(-21).
-7
Suppose -13*o = -6*o - 21. Let g(s) = -183 + 180 - 5*s - 7*s**2 + s**o - 2*s**3. Suppose 13 = -4*t - 11. Determine g(t).
-9
Let d(i) = 38*i**2 + 10*i - 72. Let f(c) = -101*c**2 - 32*c + 216. Let r(q) = -8*d(q) - 3*f(q). Give r(6).
-12
Let x(d) = d**3 - 58*d**2 - 56*d - 166. Suppose 31774 + 20042 = 746*c + 7802. Determine x(c).
11
Let v = -1236 - -1238. Let l(f) = -2*f + 6. Determine l(v).
2
Let y(v) be the third derivative of -v**5/60 + 11*v**4/24 - 7*v**3/3 + 194*v**2 - 3*v. Calculate y(9).
4
Let a = -7447 - -7451. Let g(b) be the third derivative of -1/12*b**5 + 0*b + 0 - b**2 + 1/120*b**6 + 5/24*b**4 + 1/2*b**3. Calculate g(a).
7
Let a(g) = -g**2 + 16*g - 9. Suppose 2*f + 25 = -3*f, 4*b - 201 = -3*f. Suppose b*t - 46*t = 120. Calculate a(t).
6
Let n(u) = 6*u**3 - 19*u**2 + 73*u - 46. Let a(b) = -7*b**3 + 20*b**2 - 85*b + 54. Let f(h) = 5*a(h) + 6*n(h). Let q = 5 - -8. Calculate f(q).
-6
Let g(u) = -41*u**2 + 130*u + 642. Let j(w) = 9*w**2 - 33*w - 161. Let z(n) = -2*g(n) - 9*j(n). Calculate z(-32).
5
Let n(a) = -7*a**2. Let w(l) = l**3 + l**2 + 3*l. Let z be w(0). Suppose z = -4*g + 5*g - 3*m + 4, -m = 4*g + 3. Give n(g).
-7
Let r(m) = m**3 + 17*m**2 - 82*m + 51. Suppose 82*n + 1073 + 649 = 0. Give r(n).
9
Let i(m) be the first derivative of -m**4/12 - m**3/3 + 7*m**2/2 - 40*m - 115. Let o(g) be the first derivative of i(g). Determine o(-6).
-17
Suppose -15 = 5*v, 2*n - 7*n - 643 = -4*v. Let g = -132 - n. Let y(c) = c**2 + 3*c + 1. Determine y(g).
-1
Let u(w) = -w**2 - 7*w - 12. Let f(t) = -t**3 - 25*t**2 - 29*t - 100. Let o be f(-24). Suppose 3*d + o = -5*s, 5*d + 8*s = 12*s - 21. Calculate u(d).
-2
Let v(q) be the first derivative of 137 + 1/2*q**2 - 2*q. Determine v(8).
6
Let i(a) = -a**3 - 2*a**2 + 4*a + 1. Let w be (15/17 - 122/(-1037))/((-2)/6). What is i(w)?
-2
Let d = 2 - -19. Suppose 3*x + w - 31 = -3*w, -5*x + d = -w. Let c(b) = -b**3 + 6*b**2 - 6*b + 6. Let y be c(x). Let m(z) = z - 2. Determine m(y).
-1
Suppose 5*n + 2*x + x + 371 = 0, 2*x + 4 = 0. Let k = 77 + n. Let a(d) = d**2 - 4*d + 5. Give a(k).
5
Let y be ((-25)/(-20))/(3/(-12)). Let l(p) = -p**3 + 4*p**2 - 3*p + 8. Let f(x) = -2*x**3 + 9*x**2 - 7*x + 16. Let q(t) = y*l(t) + 3*f(t). Calculate q(6).
8
Let w(b) = 15*b**2 - b - 2. Let f(q) = q**3 + 61*q**2 + 8*q - 55. Let s(v) = f(v) - 3*w(v). Calculate s(-15).
11
Let q(l) = -4*l - 1. Let w = 40 - 73. Let o = -29 - w. Suppose 2*y = r - 7 - 3, 0 = -4*r - 3*y - o. Determine q(r).
-9
Let f(u) = -217*u - 940. Let j(d) = -93*d - 470. Let c(p) = -6*f(p) + 13*j(p). What is c(5)?
-5
Suppose 4 = -0*g - g. Let d(o) be the third derivative of 1/120*o**6 + 0 + 1/6*o**4 - 34*o**2 - 1/3*o**3 + 0*o + 1/12*o**5. Calculate d(g).
-2
Let h(x) = 8*x**2 - x. Suppose -7*f = 4*f + 352. Let y = f - -40. Let v = 7 - y. Give h(v).
9
Suppose 5*o - 8*n + 3*n = 35, 0 = -n - 5. Let u(h) = -15*h + 3. Let r(l) = -8*l + 2. Let z(p) = -p + 9. Let a be z(12). Let y(i) = a*u(i) + 5*r(i). Give y(o).
11
Let o be -1*1/1 - -5. Let r = 343 + -341. Let q(y) = -4 - 39*y + 19*y + y**r + 19*y. Calculate q(o).
8
Let n(h) = -3*h**3 - 3*h**2 - 2*h + 1. Suppose -2*f + 3*t - 5 = -8, 5*f + 2*t - 55 = 0. Suppose 7*x = f*x + 4. What is n(x)?
17
Let n(j) be the second derivative of -j**4/12 - 4*j**3/3 + 238*j. Give n(-12).
-48
Let j(q) = -q**3 - q**2 + q - 1. Suppose -3*x - 19 = 107. Let i = x - -42. What is j(i)?
-1
Let s be ((-2)/(-6))/(17112/(-684) + 25). Let c(v) = 3*v - 14. What is c(s)?
-71
Let t(z) be the first derivative of -z**3 - 12*z**2 - 4*z - 5673. Determine t(-8).
-4
Let k(g) be the third derivative of g**5/60 + 5*g**4/12 - 4*g**3 - 1167*g**2. What is k(-6)?
-48
Let f(p) = -p**2 - 9*p - 14. Let n = -41 + 35. Let s be f(n). Let o(y) = -1 - 3 + 38*y + 5*y**2 - s + y**3 - 45*y. What is o(-6)?
-2
Let s be -3*(-5 + (2 - -2)). Suppose -5*i - s*a + 3 = -3, -i = a. Let f(y) = -y - 3. Give f(i).
-6
Suppose -2*c + 4*p + 14 = -3*c, -3*c + 5*p + 26 = 0. Let g(i) = -11*i + i**2 + 948 - 958 - 2*i**c. Calculate g(-7).
18
Let d(b) = -2*b**2 + 6*b - 1. Let p(a) = 5*a**2 - 17*a + 3. Suppose -69 = -5*s + 4*w, -3*s - 29 + 76 = -w. Let i(u) = s*d(u) + 6*p(u). Determine i(-1).
-3
Let v(g) = -46 + 2*g - 21*g**2 + 13*g + 20*g**2. Let n be v(4). Let q(m) = m**2 + 4*m. Calculate q(n).
-4
Let v(m) = 18068 + 18088 - m - 36209. Calculate v(-56).
3
Suppose -15 = -78